= -54 + 76. Suppose f*o = 19*o + 309. List the prime factors of o.
103
Suppose 3*w + n + 4*n = 2779, -n - 4669 = -5*w. List the prime factors of w.
3, 311
Let r(a) = -134*a - 60. What are the prime factors of r(-3)?
2, 3, 19
Suppose 7 = b - 42. Suppose -17 = -3*v + b. List the prime factors of v.
2, 11
Let c be 2 + 5/(-15)*-9. Suppose 0 = -2*x - c - 7. Let i(l) = -l**3 - 7*l**2 - 6*l + 2. List the prime factors of i(x).
2
Let v(j) = -52*j**3 + 7*j + 22. What are the prime factors of v(-3)?
5, 281
Let z be (0 + -70)*(-1 + 0). Let j = 4 + z. List the prime factors of j.
2, 37
Suppose -2*g - c + 26 = 0, 2*c + 36 - 4 = 2*g. Let y = g - 10. Let r = y - -1. What are the prime factors of r?
5
Let v(q) = 6*q**3 - 7*q**2 - 2*q + 6. Let i be v(3). Suppose h + 5 = 0, i = -0*d + d + 3*h. List the prime factors of d.
2, 3, 19
Suppose -k + 5*d + 984 = 0, 5*k + 3*d - 1550 = 3314. What are the prime factors of k?
2, 487
Suppose 0 = -m + 7 - 5. Suppose m*i + 3*y - 135 = 0, 181 = 3*i + 3*y - 14. List the prime factors of i.
2, 3, 5
Suppose -6*d = -d - 15. Let b(a) = 0*a**2 + 5*a + a**d - 11*a**2 + 9*a - 13 + 0. List the prime factors of b(10).
3
Let h = 7639 + -4304. List the prime factors of h.
5, 23, 29
Suppose 78*q - 66*q - 40560 = 0. List the prime factors of q.
2, 5, 13
Suppose 2 - 20 = -9*w. Suppose -w*x = -3*g - 534, 4*x - 268 = 3*x + g. What are the prime factors of x?
2, 3, 5
Let o = -4 + 6. Suppose o*w = 2 + 2. Suppose 0 = 3*v - 2*v + 5*p - 13, -19 = -w*v - 3*p. List the prime factors of v.
2
Let w = 310 + -115. List the prime factors of w.
3, 5, 13
Let o(h) = -h**3 + 7*h**2 - 2. Let u be 6 + 0/((-4)/(-4)). List the prime factors of o(u).
2, 17
Let d(b) = b - 1. Let t be d(5). Suppose -5*o - t*y + 572 = 0, 4*o + 106 - 548 = 2*y. What are the prime factors of o?
2, 7
Let q = -17 + 14. Let a(k) = -22*k - 2. List the prime factors of a(q).
2
Suppose 0 = 3*u + 12, -v - 4*u = -6*v + 991. Let f = 386 - v. What are the prime factors of f?
191
List the prime factors of 91/(36/(-6) + 7).
7, 13
Suppose 0*m + 5*m = 45. Suppose 2*a - m*a + 364 = 0. What are the prime factors of a?
2, 13
Let h = -1154 + 2310. What are the prime factors of h?
2, 17
Suppose -3*b + 25 = 34. Let g(q) = q + 7*q**2 + 0 - 2 - 1. List the prime factors of g(b).
3, 19
Suppose -5*n - i - 2 = 0, -2*i + 8 = 5*n - 6*i. Suppose -2*y + 252 = 4*o - 3*y, 3*o + 5*y - 166 = n. List the prime factors of o.
2, 31
Let i(k) = -1 + k + 0 + 3 + 6. List the prime factors of i(12).
2, 5
List the prime factors of -136*-1*(-40)/(-32).
2, 5, 17
Suppose -9*x + 6*x + 276 = 0. Suppose -x*p + 93*p = 11. List the prime factors of p.
11
Let a(t) = -51*t + 2. Let j be a(-1). Let o = -51 + j. List the prime factors of o.
2
What are the prime factors of (-2 - -1) + -2 + (-1 - -225)?
13, 17
Let b(o) = o**2 + 1. Let t(s) = 3*s - 37. Let z(l) = b(l) - t(l). List the prime factors of z(15).
2, 109
Suppose 11*t - 904 = 922. Let v = t - 114. List the prime factors of v.
2, 13
List the prime factors of 3 + 3/(9/4497).
2, 751
Let u(d) = -3*d + 2. Let c be u(2). Let x = c - -32. Suppose -x - 24 = -2*f. What are the prime factors of f?
2, 13
Let s = 6 - 10. Let y be s + (3 - 3) + 4. Suppose y = 4*i - 184 - 0. What are the prime factors of i?
2, 23
Suppose -3*f - 3*f = -180. Suppose 6*t = t + n - 129, t = -4*n - f. Let d = 3 - t. List the prime factors of d.
29
Suppose 5*z - a = -189, -3*a + 36 = -3*z - 87. Let g(n) = -3*n**2 + 41*n - 205. Let m be g(6). Let k = z - m. What are the prime factors of k?
2, 3, 5
Suppose 2*a = -m + 1, -2*m - 2*a + 5 = 3*a. Let u(f) = -f**3 + 2*f**2 + 24*f - 1. List the prime factors of u(m).
2, 3
Let f(p) be the first derivative of -4/3*p**3 - 4*p + 5 - 3/2*p**2 + 1/4*p**4. What are the prime factors of f(5)?
2, 3
Suppose q - 6*i - 1017 = -2*i, 1017 = q + i. List the prime factors of q.
3, 113
Let a = 1373 + -223. What are the prime factors of a?
2, 5, 23
Let p = 7 + -2. Suppose -5*l = -h + 8, 0*h + l = p*h - 40. What are the prime factors of h?
2
Suppose 0*y = 3*y - 87. List the prime factors of y.
29
Let w(o) be the second derivative of o**3/3 + 5*o**2 + 17*o. Let y = 6 - 6. List the prime factors of w(y).
2, 5
Let t(r) = -r**2 + 20*r - 28. Let j be 3*5 - (11 + -13). What are the prime factors of t(j)?
23
Let s(g) = -8*g - 7. Let f(u) be the third derivative of -3*u**4/8 - 7*u**3/6 + 2*u**2. Let n(t) = -2*f(t) + 3*s(t). List the prime factors of n(-4).
17
Suppose 0 = 4*h - 85 + 29. Let j be ((-7)/2)/((-7)/h). List the prime factors of (-7 + 6)/((-1)/j).
7
Suppose 0 = 2*q - 2*g + 2, -3*q - g = -0*g - 13. Let d be q/(1 + 2/(-8)). Suppose -5*o = d*x - 156, 3*x - 5*x + 72 = 4*o. What are the prime factors of x?
2, 11
Let u(q) = 8 - q**3 + 2 - 7*q**2 - 6*q - 2. Let b = -72 - -66. What are the prime factors of u(b)?
2
Let m = -90 + 91. Let d be -1 - -2 - -6 - -1. What are the prime factors of m - d/(-12)*3?
3
Let i = 15187 - 10316. List the prime factors of i.
4871
Let d(h) = h + 7. Let b be d(-5). Suppose 265 = -b*w + 7*w. Let i = -14 + w. List the prime factors of i.
3, 13
Suppose -3*f + u - 18 = 0, 3*f + 24 = -f + 5*u. Let l = f + 3. Let x = l + 46. What are the prime factors of x?
43
Let g = -13 - -9. Let p be ((-6)/g)/((-42)/448). List the prime factors of 64/6*(-36)/p.
2, 3
Let n be ((-26)/(-8))/((-8)/(-32)). Let b be n/((-65)/24)*-5. Suppose 0*l - b = -3*l. List the prime factors of l.
2
Let q(r) = 61*r + 2. List the prime factors of q(20).
2, 13, 47
Let x = -182 - -536. List the prime factors of x.
2, 3, 59
Let l(y) = 5*y**2 + 5*y - 10. Let b(j) = -4*j**2 - 5*j + 9. Let w(n) = -7*b(n) - 6*l(n). Let c be w(3). List the prime factors of 460/15 - (-4)/c.
2, 3, 5
Let j(w) = w**3 - w**2 - w + 477. Let b be j(0). Let m = b - 338. List the prime factors of m.
139
Let n be 1 - (-5)/((-10)/6). Let y be (2 + n)/(0 - -1). Let v(k) = k**3 - k**2 + k + 11. What are the prime factors of v(y)?
11
Let s(l) = 17 - 17 - 11*l. What are the prime factors of s(-6)?
2, 3, 11
Let t be (-1734)/(-7) + 6/21. Suppose t = 5*h - 5*q - 317, 0 = 3*h - 2*q - 342. Suppose -3*u + h = 5*x + 29, -u + 19 = x. What are the prime factors of x?
3, 5
Let k = -363 + 823. What are the prime factors of k?
2, 5, 23
Suppose 0 = 4*w + 4*o - 28, 5*w = 3*o - 9 + 4. Suppose 0 = w*c, -5*c + 970 = 4*s + 238. List the prime factors of s.
3, 61
Suppose -4*a + 18*f = 17*f - 1082, -f + 544 = 2*a. What are the prime factors of a?
271
Let c(v) = 4*v**2 + 5*v - 7. Let l be c(-3). Let q(g) = g**2 - 10*g - 10. What are the prime factors of q(l)?
2, 23
Let q be 7/5 - 1 - (-7796)/10. Suppose -q = -5*u - 270. List the prime factors of u.
2, 3, 17
Let r(h) = -3*h - 23. Let m(a) = a**3 - 14*a**2 + 15*a - 12. Let p be m(13). Suppose -36 = 2*t + 3*d + p, t - 1 = 5*d. What are the prime factors of r(t)?
2, 17
Suppose 0 = 11*q - 7*q - 3*u - 466, 2*q - 2*u = 232. Suppose 7*c - q = 6*c. List the prime factors of c.
2, 59
Let r be 3 - (-4 - 15/(-3)). Suppose -5*d = r*p - 5 - 10, 5*p - d = 24. What are the prime factors of p?
5
Suppose -2*y + 9*j - 14*j = 1, -3 = -y + j. Suppose y*a - 3*a + 183 = 0. What are the prime factors of a?
3, 61
Let k = -1110 - -1739. List the prime factors of k.
17, 37
Let m(p) = p**3 + 7*p**2 + 6*p - 4. Let c be m(-6). Let x(n) = 2*n + 9. Let u be x(c). What are the prime factors of (-658)/(-14) + (u - 1)?
47
Let q be 473 - 10/2 - 5. Let j = q - 256. List the prime factors of j.
3, 23
Let j be (-1 + 4)*(-5)/(-3). Suppose -108 = -2*h + 3*z + z, j*h = 3*z + 263. List the prime factors of h.
2, 13
Let v(j) = j**2 - 8*j - 12. Suppose 0 = -5*k - 5*g + 25, 2*g = -6*k + k + 37. Let q be v(k). What are the prime factors of 49 + q*(-3)/3?
2, 13
Suppose 5*n - 15 = 5*k, 3*k + 3*n - 25 = -2*k. Suppose k*v - 15 = -3*w - 0*v, -v = -5*w + 12. Let o(d) = d**2 + 3. What are the prime factors of o(w)?
2, 3
Let w(s) = 12*s**2 - 7*s + 17 + 18 + 2*s**3 - 29 - 3*s**3. What are the prime factors of w(11)?
2, 5
Let r = 24 + 272. Suppose 6*x - 2*x - r = 0. What are the prime factors of x?
2, 37
Let r = 31 - -70. Let u = r + 35. Suppose -5*w + 103 = 2*g, -4*g + 4*w + u = -0*g. List the prime factors of g.
3, 13
List the prime factors of -7 - -1*(6 - -3).
2
Let s be ((-2)/(-3))/(34/51). List the prime factors of (s/(-1))/((-1)/55).
5, 11
Suppose -5*r + 751 = u, -